 of 14351920?
5
What is the hundred thousands digit of 1923944?
9
What is the millions digit of 3747518?
3
What is the ten millions digit of 10021904?
1
What is the thousands digit of 899429?
9
What is the hundred thousands digit of 1100937?
1
What is the ten thousands digit of 361964?
6
What is the hundred thousands digit of 16953197?
9
What is the tens digit of 16863547?
4
What is the thousands digit of 1464985?
4
What is the thousands digit of 1594232?
4
What is the tens digit of 163765?
6
What is the hundred thousands digit of 1198059?
1
What is the units digit of 1913320?
0
What is the tens digit of 13154338?
3
What is the thousands digit of 2248663?
8
What is the units digit of 937?
7
What is the ten thousands digit of 9418402?
1
What is the thousands digit of 326742?
6
What is the hundred thousands digit of 2366027?
3
What is the hundreds digit of 8329768?
7
What is the hundred thousands digit of 187911?
1
What is the hundreds digit of 249066?
0
What is the millions digit of 4966156?
4
What is the hundred thousands digit of 194969?
1
What is the ten thousands digit of 775713?
7
What is the millions digit of 5300043?
5
What is the tens digit of 119221?
2
What is the ten thousands digit of 580633?
8
What is the units digit of 12208867?
7
What is the units digit of 64489?
9
What is the ten thousands digit of 1851007?
5
What is the tens digit of 106969?
6
What is the thousands digit of 177942?
7
What is the hundreds digit of 18833416?
4
What is the thousands digit of 538087?
8
What is the hundreds digit of 12239043?
0
What is the ten thousands digit of 2273984?
7
What is the hundred thousands digit of 245066?
2
What is the units digit of 67762?
2
What is the hundreds digit of 1953363?
3
What is the tens digit of 1617548?
4
What is the tens digit of 17373852?
5
What is the tens digit of 637711?
1
What is the ten thousands digit of 687773?
8
What is the ten thousands digit of 811845?
1
What is the millions digit of 5382896?
5
What is the ten thousands digit of 119952?
1
What is the thousands digit of 10327194?
7
What is the thousands digit of 33980486?
0
What is the ten millions digit of 20268716?
2
What is the hundred thousands digit of 14280717?
2
What is the hundreds digit of 114335?
3
What is the thousands digit of 1287674?
7
What is the ten thousands digit of 74712?
7
What is the ten thousands digit of 342553?
4
What is the hundred thousands digit of 5174816?
1
What is the units digit of 872535?
5
What is the tens digit of 233528?
2
What is the millions digit of 2190807?
2
What is the units digit of 5095968?
8
What is the thousands digit of 432723?
2
What is the millions digit of 3542408?
3
What is the ten thousands digit of 448522?
4
What is the units digit of 21817?
7
What is the units digit of 16670226?
6
What is the hundred thousands digit of 4094181?
0
What is the thousands digit of 34113?
4
What is the units digit of 1551910?
0
What is the hundreds digit of 1398901?
9
What is the hundred thousands digit of 1052366?
0
What is the millions digit of 13187074?
3
What is the thousands digit of 89241?
9
What is the hundreds digit of 1024178?
1
What is the tens digit of 2336874?
7
What is the tens digit of 227391?
9
What is the hundred thousands digit of 8983884?
9
What is the hundred thousands digit of 3221445?
2
What is the units digit of 1712333?
3
What is the thousands digit of 6006696?
6
What is the thousands digit of 185725?
5
What is the thousands digit of 124780?
4
What is the ten thousands digit of 1030876?
3
What is the hundreds digit of 440534?
5
What is the hundred thousands digit of 12966389?
9
What is the hundred thousands digit of 345546?
3
What is the hundreds digit of 3192762?
7
What is the ten millions digit of 11380587?
1
What is the units digit of 93579?
9
What is the hundreds digit of 187626?
6
What is the ten millions digit of 20784182?
2
What is the hundred thousands digit of 1301767?
3
What is the ten thousands digit of 807486?
0
What is the hundred thousands digit of 3079272?
0
What is the millions digit of 6456718?
6
What is the hundred thousands digit of 3388549?
3
What is the thousands digit of 328772?
8
What is the ten thousands digit of 825317?
2
What is the hundred thousands digit of 792536?
7
What is the hundreds digit of 2674520?
5
What is the units digit of 17329703?
3
What is the tens digit of 12430843?
4
What is the units digit of 3067414?
4
What is the units digit of 3377910?
0
What is the tens digit of 3014159?
5
What is the units digit of 4023861?
1
What is the ten thousands digit of 29747?
2
What is the units digit of 849702?
2
What is the hundred thousands digit of 136345?
1
What is the thousands digit of 178449?
8
What is the tens digit of 8581404?
0
What is the hundred thousands digit of 640468?
6
What is the units digit of 234315?
5
What is the units digit of 953654?
4
What is the hundred thousands digit of 1110179?
1
What is the ten thousands digit of 149302?
4
What is the units digit of 473308?
8
What is the hundred thousands digit of 646597?
6
What is the thousands digit of 608981?
8
What is the ten thousands digit of 23374453?
7
What is the units digit of 385746?
6
What is the hundreds digit of 9886?
8
What is the hundred thousands digit of 2445614?
4
What is the ten thousands digit of 408441?
0
What is the hundreds digit of 2735?
7
What is the millions digit of 2748124?
2
What is the ten thousands digit of 64769?
6
What is the hundred thousands digit of 6411834?
4
What is the ten thousands digit of 762470?
6
What is the thousands digit of 903545?
3
What is the millions digit of 3502657?
3
What is the units digit of 4158721?
1
What is the thousands digit of 315646?
5
What is the ten thousands digit of 952170?
5
What is the thousands digit of 8351502?
1
What is the tens digit of 4245500?
0
What is the millions digit of 28077260?
8
What is the millions digit of 1254969?
1
What is the hundred thousands digit of 4312030?
3
What is the thousands digit of 8840471?
0
What is the millions digit of 2181494?
2
What is the hundred thousands digit of 134845?
1
What is the millions digit of 3585664?
3
What is the ten thousands digit of 333866?
3
What is the millions digit of 5857018?
5
What is the tens digit of 226874?
7
What is the thousands digit of 271064?
1
What is the hundreds digit of 264293?
2
What is the ten thousands digit of 160043?
6
What is the tens digit of 559184?
8
What is the thousands digit of 7578520?
8
What is the hundred thousands digit of 2249624?
2
What is the tens digit of 1357297?
9
What is the ten thousands digit of 46100?
4
What is the ten millions digit of 20983385?
2
What is the thousands digit of 473129?
3
What is the ten thousands digit of 2604940?
0
What is the tens digit of 237651?
5
What is the hundreds digit of 334292?
2
What is the thousands digit of 18345609?
5
What is the units digit of 4502305?
5
What is the tens digit of 36627024?
2
What is the hundreds digit of 1390506?
5
What is the units digit of 2363321?
1
What is the ten thousands digit of 1468343?
6
What is the hundreds digit of 536689?
6
What is the hundreds digit of 538486?
4
What is the hundreds digit of 17988?
9
What is the hundred thousands digit of 978959?
9
What is the hundred thousands digit of 117966?
1
What is the tens digit of 1013338?
3
What is the units digit of 489672?
2
What is the ten thousands digit of 5890219?
9
What is the thousands digit of 399954?
9
What is the hundreds digit of 1277531?
5
What is the hundreds digit of 8728925?
9
What is the hundreds digit of 138560?
5
What is the units digit of 8477930?
0
What is the thousands digit of 3619230?
9
What is the ten thousands digit of 1492152?
9
What is the hundred thousands digit of 1315467?
3
What is the thousands digit of 18141703?
1
What is the units digit of 464584?
4
What is the hundreds digit of 1041101?
1
What is the ten thousands digit of 13407099?
0
What is the thousands digit of 154408?
4
What is the hundred thousands digit of 958517?
9
What is the millions digit of 2561343?
2
What is the units digit of 5282657?
7
What is the hundreds digit of 4750108?
1
What is the tens digit of 20689232?
3
What is the hundred thousands digit of 21325792?
3
What is the units digit of 648?
8
What is the hundred thousands digit of 12775059?
7
W